{"id":78,"date":"2019-04-20T05:02:27","date_gmt":"2019-04-20T05:02:27","guid":{"rendered":"http:\/\/fun-limos.de\/?page_id=78"},"modified":"2025-05-27T19:54:16","modified_gmt":"2025-05-27T19:54:16","slug":"hochzeitsarrangements","status":"publish","type":"page","link":"https:\/\/fun-limos.de\/index.php\/hochzeitsarrangements\/","title":{"rendered":"Hochzeitsarrangements"},"content":{"rendered":"\t\t<div data-elementor-type=\"wp-post\" data-elementor-id=\"78\" class=\"elementor elementor-78\">\n\t\t\t\t\t\t<section class=\"elementor-section elementor-top-section elementor-element elementor-element-754245a elementor-section-boxed elementor-section-height-default elementor-section-height-default\" data-id=\"754245a\" data-element_type=\"section\">\n\t\t\t\t\t\t<div class=\"elementor-container elementor-column-gap-default\">\n\t\t\t\t\t<div class=\"elementor-column elementor-col-100 elementor-top-column elementor-element elementor-element-c13f970\" data-id=\"c13f970\" data-element_type=\"column\">\n\t\t\t<div class=\"elementor-widget-wrap elementor-element-populated\">\n\t\t\t\t\t\t<div class=\"elementor-element elementor-element-fd455fb elementor-widget elementor-widget-text-editor\" data-id=\"fd455fb\" data-element_type=\"widget\" data-widget_type=\"text-editor.default\">\n\t\t\t\t<div class=\"elementor-widget-container\">\n\t\t\t\t\t\t\t\t\t<p>Ihre <strong>Hochzeit<\/strong> ist ein einmaliges Ereignis \u2013 machen Sie diesen besonderen Tag mit Fun-Limos unvergesslich! Unsere exklusiven Stretchlimousinen bieten Ihnen <strong>h\u00f6chsten<\/strong> <strong>Komfort, stilvolle Eleganz und einen erstklassigen Service<\/strong>, der Ihre Fahrt zu einem echten Highlight macht.<\/p><p>Von der <strong>Abholung des Brautpaares<\/strong> bis zur glamour\u00f6sen Fahrt zur <strong>Kirche, zum Standesamt oder zur Feierlocation<\/strong> \u2013 wir sorgen daf\u00fcr, dass Sie stilvoll und entspannt ankommen. Unsere luxuri\u00f6s ausgestatteten Fahrzeuge verf\u00fcgen \u00fcber <strong>edle Ledersitze, eine stimmungsvolle Beleuchtung, moderne Soundsysteme <\/strong>und<strong> gek\u00fchlte Getr\u00e4nke<\/strong>, damit Sie Ihren besonderen Moment in vollen Z\u00fcgen genie\u00dfen k\u00f6nnen.<\/p><p><strong>Auf Wunsch<\/strong> bieten wir Ihnen <strong>individuell abgestimmte Hochzeitsarrangements<\/strong>, die ganz auf Ihre Bed\u00fcrfnisse zugeschnitten sind. Ob <strong>romantische Dekoration, ein roter Teppich beim Einsteigen oder ein besonderer Chauffeurservice<\/strong> \u2013 wir k\u00fcmmern uns um jedes Detail, damit Ihr gro\u00dfer Tag perfekt wird.<\/p><p>Lassen Sie sich von Fun-Limos stilvoll chauffieren und starten Sie Ihre gemeinsame Zukunft mit einer <strong>unvergesslichen<\/strong> Fahrt voller Luxus und Eleganz.<\/p>\t\t\t\t\t\t\t\t<\/div>\n\t\t\t\t<\/div>\n\t\t\t\t<div class=\"elementor-element elementor-element-715d745 elementor-widget-divider--view-line elementor-widget elementor-widget-divider\" data-id=\"715d745\" data-element_type=\"widget\" data-widget_type=\"divider.default\">\n\t\t\t\t<div class=\"elementor-widget-container\">\n\t\t\t\t\t\t\t<div class=\"elementor-divider\">\n\t\t\t<span class=\"elementor-divider-separator\">\n\t\t\t\t\t\t<\/span>\n\t\t<\/div>\n\t\t\t\t\t\t<\/div>\n\t\t\t\t<\/div>\n\t\t\t\t\t<\/div>\n\t\t<\/div>\n\t\t\t\t\t<\/div>\n\t\t<\/section>\n\t\t\t\t<section class=\"elementor-section elementor-top-section elementor-element elementor-element-3797c5e elementor-section-boxed elementor-section-height-default elementor-section-height-default\" data-id=\"3797c5e\" data-element_type=\"section\">\n\t\t\t\t\t\t<div class=\"elementor-container elementor-column-gap-default\">\n\t\t\t\t\t<div class=\"elementor-column elementor-col-50 elementor-top-column elementor-element elementor-element-f14471b\" data-id=\"f14471b\" data-element_type=\"column\">\n\t\t\t<div class=\"elementor-widget-wrap elementor-element-populated\">\n\t\t\t\t\t\t<div class=\"elementor-element elementor-element-2336efa elementor-widget elementor-widget-heading\" data-id=\"2336efa\" data-element_type=\"widget\" data-widget_type=\"heading.default\">\n\t\t\t\t<div class=\"elementor-widget-container\">\n\t\t\t\t\t<h3 class=\"elementor-heading-title elementor-size-default\">Zeitlos &amp; modern<\/h3>\t\t\t\t<\/div>\n\t\t\t\t<\/div>\n\t\t\t\t<div class=\"elementor-element elementor-element-eabec88 elementor-widget elementor-widget-image\" data-id=\"eabec88\" data-element_type=\"widget\" data-widget_type=\"image.default\">\n\t\t\t\t<div class=\"elementor-widget-container\">\n\t\t\t\t\t\t\t\t\t\t\t\t\t\t\t<img fetchpriority=\"high\" decoding=\"async\" width=\"768\" height=\"694\" src=\"https:\/\/fun-limos.de\/wp-content\/uploads\/2025\/02\/Chrysler-Hochzeit-e1738698373796-768x694.jpg\" class=\"attachment-medium_large size-medium_large wp-image-641\" alt=\"\" srcset=\"https:\/\/fun-limos.de\/wp-content\/uploads\/2025\/02\/Chrysler-Hochzeit-e1738698373796-768x694.jpg 768w, https:\/\/fun-limos.de\/wp-content\/uploads\/2025\/02\/Chrysler-Hochzeit-e1738698373796-300x271.jpg 300w, https:\/\/fun-limos.de\/wp-content\/uploads\/2025\/02\/Chrysler-Hochzeit-e1738698373796-1024x926.jpg 1024w, https:\/\/fun-limos.de\/wp-content\/uploads\/2025\/02\/Chrysler-Hochzeit-e1738698373796.jpg 1200w\" sizes=\"(max-width: 768px) 100vw, 768px\" \/>\t\t\t\t\t\t\t\t\t\t\t\t\t\t\t<\/div>\n\t\t\t\t<\/div>\n\t\t\t\t<div class=\"elementor-element elementor-element-4dd5e9a elementor-widget elementor-widget-text-editor\" data-id=\"4dd5e9a\" data-element_type=\"widget\" data-widget_type=\"text-editor.default\">\n\t\t\t\t<div class=\"elementor-widget-container\">\n\t\t\t\t\t\t\t\t\t<p>Genie\u00dfen sie den sch\u00f6nen Tag von Anfang \u2013 denn es ist Ihr Tag, an dem Sie einen au\u00dfergew\u00f6hnlichen Auftritt verdienen.\u00a0Steigen Sie ein in eine unserer wei\u00dfen Stretchlimousinen und g\u00f6nnen Sie sich den m\u00e4rchenhaften Luxus und sto\u00dfen Sie mit einem Glas Sekt auf Ihren perfekten Tag an!<\/p><p><strong>Im Hochzeitsarrangement:<\/strong><\/p><ul><li>Mietdauer von mind. 1 Stunde<\/li><li>Chauffeurservice<\/li><li>alle gefahrenen km innerhalb der Mietdauer und Betriebskosten<\/li><li>freie Anfahrt zum Mietort im Umkreis von 30 km ab dem Standort Freiburg im Breisgau<\/li><li>Blumenschmuck auf der Motorhaube auf Nachfrage<\/li><\/ul>\t\t\t\t\t\t\t\t<\/div>\n\t\t\t\t<\/div>\n\t\t\t\t\t<\/div>\n\t\t<\/div>\n\t\t\t\t<div class=\"elementor-column elementor-col-50 elementor-top-column elementor-element elementor-element-cfa3819\" data-id=\"cfa3819\" data-element_type=\"column\">\n\t\t\t<div class=\"elementor-widget-wrap elementor-element-populated\">\n\t\t\t\t\t\t<div class=\"elementor-element elementor-element-b8f0905 elementor-widget elementor-widget-heading\" data-id=\"b8f0905\" data-element_type=\"widget\" data-widget_type=\"heading.default\">\n\t\t\t\t<div class=\"elementor-widget-container\">\n\t\t\t\t\t<h3 class=\"elementor-heading-title elementor-size-default\">Romantisch verspielt<\/h3>\t\t\t\t<\/div>\n\t\t\t\t<\/div>\n\t\t\t\t<div class=\"elementor-element elementor-element-f61ad49 elementor-widget elementor-widget-image\" data-id=\"f61ad49\" data-element_type=\"widget\" data-widget_type=\"image.default\">\n\t\t\t\t<div class=\"elementor-widget-container\">\n\t\t\t\t\t\t\t\t\t\t\t\t\t\t\t<img decoding=\"async\" width=\"2560\" height=\"1700\" src=\"https:\/\/fun-limos.de\/wp-content\/uploads\/2025\/05\/05-scaled.jpg\" class=\"attachment-full size-full wp-image-810\" alt=\"\" srcset=\"https:\/\/fun-limos.de\/wp-content\/uploads\/2025\/05\/05-scaled.jpg 2560w, https:\/\/fun-limos.de\/wp-content\/uploads\/2025\/05\/05-300x199.jpg 300w, https:\/\/fun-limos.de\/wp-content\/uploads\/2025\/05\/05-1024x680.jpg 1024w, https:\/\/fun-limos.de\/wp-content\/uploads\/2025\/05\/05-768x510.jpg 768w, https:\/\/fun-limos.de\/wp-content\/uploads\/2025\/05\/05-1536x1020.jpg 1536w, https:\/\/fun-limos.de\/wp-content\/uploads\/2025\/05\/05-2048x1360.jpg 2048w\" sizes=\"(max-width: 2560px) 100vw, 2560px\" \/>\t\t\t\t\t\t\t\t\t\t\t\t\t\t\t<\/div>\n\t\t\t\t<\/div>\n\t\t\t\t<div class=\"elementor-element elementor-element-afa0648 elementor-widget elementor-widget-text-editor\" data-id=\"afa0648\" data-element_type=\"widget\" data-widget_type=\"text-editor.default\">\n\t\t\t\t<div class=\"elementor-widget-container\">\n\t\t\t\t\t\t\t\t\t<p>Die Excalibur Stretchlimousine ist vom ersten Augenblick an Romantik nicht zu \u00fcbertreffen! Beginnen Sie den Morgen des sch\u00f6nsten Tages in Ihrem Leben mit einem strahlenden L\u00e4cheln!\u00a0Denn vor der T\u00fcr wartet eine einzigartige Stretchlimousine \u2013 ein echtes Must-Have f\u00fcr jede Traumhochzeit! Lehnen Sie sich zur\u00fcck \u2013 es ist f\u00fcr alles gesorgt.<\/p><p><strong>Im Hochzeitsarrangement:<\/strong><\/p><ul><li>Mietdauer von mind. 1 Stunde<\/li><li>Chauffeurservice<\/li><li>alle gefahrenen km innerhalb der Mietdauer und Betriebskosten<\/li><li>freie Anfahrt zum Mietort im Umkreis von 30 km ab dem Standort Freiburg im Breisgau<\/li><li>Blumenschmuck auf der Motorhaube auf Nachfrage<\/li><\/ul>\t\t\t\t\t\t\t\t<\/div>\n\t\t\t\t<\/div>\n\t\t\t\t\t<\/div>\n\t\t<\/div>\n\t\t\t\t\t<\/div>\n\t\t<\/section>\n\t\t\t\t<section class=\"elementor-section elementor-top-section elementor-element elementor-element-1506c5d elementor-section-boxed elementor-section-height-default elementor-section-height-default\" data-id=\"1506c5d\" data-element_type=\"section\">\n\t\t\t\t\t\t<div class=\"elementor-container elementor-column-gap-default\">\n\t\t\t\t\t<div class=\"elementor-column elementor-col-100 elementor-top-column elementor-element elementor-element-4c2b1d7\" data-id=\"4c2b1d7\" data-element_type=\"column\">\n\t\t\t<div class=\"elementor-widget-wrap elementor-element-populated\">\n\t\t\t\t\t\t<div class=\"elementor-element elementor-element-154f5ed elementor-widget elementor-widget-heading\" data-id=\"154f5ed\" data-element_type=\"widget\" data-widget_type=\"heading.default\">\n\t\t\t\t<div class=\"elementor-widget-container\">\n\t\t\t\t\t<h2 class=\"elementor-heading-title elementor-size-default\">Luxus in XXL<\/h2>\t\t\t\t<\/div>\n\t\t\t\t<\/div>\n\t\t\t\t<div class=\"elementor-element elementor-element-95f2ab6 elementor-widget elementor-widget-image\" data-id=\"95f2ab6\" data-element_type=\"widget\" data-widget_type=\"image.default\">\n\t\t\t\t<div class=\"elementor-widget-container\">\n\t\t\t\t\t\t\t\t\t\t\t\t\t\t\t<img decoding=\"async\" width=\"1024\" height=\"436\" src=\"https:\/\/fun-limos.de\/wp-content\/uploads\/2025\/02\/Jeep-Hochzeit-bearbeitet-e1738699831268-1024x436.jpg\" class=\"attachment-large size-large wp-image-651\" alt=\"\" srcset=\"https:\/\/fun-limos.de\/wp-content\/uploads\/2025\/02\/Jeep-Hochzeit-bearbeitet-e1738699831268-1024x436.jpg 1024w, https:\/\/fun-limos.de\/wp-content\/uploads\/2025\/02\/Jeep-Hochzeit-bearbeitet-e1738699831268-300x128.jpg 300w, https:\/\/fun-limos.de\/wp-content\/uploads\/2025\/02\/Jeep-Hochzeit-bearbeitet-e1738699831268-768x327.jpg 768w, https:\/\/fun-limos.de\/wp-content\/uploads\/2025\/02\/Jeep-Hochzeit-bearbeitet-e1738699831268.jpg 1483w\" sizes=\"(max-width: 1024px) 100vw, 1024px\" \/>\t\t\t\t\t\t\t\t\t\t\t\t\t\t\t<\/div>\n\t\t\t\t<\/div>\n\t\t\t\t<div class=\"elementor-element elementor-element-3dd10a7 elementor-widget elementor-widget-text-editor\" data-id=\"3dd10a7\" data-element_type=\"widget\" data-widget_type=\"text-editor.default\">\n\t\t\t\t<div class=\"elementor-widget-container\">\n\t\t\t\t\t\t\t\t\t<p>Unsere XXL Jeep Expedition Stretchlimousine bietet das besondere Format f\u00fcr unvergessliche Augenblicke in Ihrem Leben. Die Ankunft vor dem Standesamt oder vor der Kirche perfekt in Szene gesetzt! Genie\u00dfen Sie Luxus pur bei der Fahrt ins Gl\u00fcck. Die Jeep Expedition Stretchlimousine bietet nicht nur genug Platz f\u00fcr das traumhafte Kleid und alle Trauzeugen, sondern auch all Ihr Gl\u00fcck an diesem unvergesslichen Tag.<\/p><p><strong>Im Hochzeitsarrangement:<\/strong><\/p><ul><li>Mietdauer von mind. 1 Stunde<\/li><li>Chauffeurservice<\/li><li>alle gefahrenen km innerhalb der Mietdauer und Betriebskosten<\/li><li>freie Anfahrt zum Mietort im Umkreis von 30 km ab dem Standort Freiburg im Breisgau<\/li><li>Blumenschmuck auf der Motorhaube auf Nachfrage<\/li><\/ul>\t\t\t\t\t\t\t\t<\/div>\n\t\t\t\t<\/div>\n\t\t\t\t\t<\/div>\n\t\t<\/div>\n\t\t\t\t\t<\/div>\n\t\t<\/section>\n\t\t\t\t<\/div>\n\t\t","protected":false},"excerpt":{"rendered":"<p>Ihre Hochzeit ist ein einmaliges Ereignis \u2013 machen Sie diesen besonderen Tag mit [&hellip;]<\/p>\n","protected":false},"author":1,"featured_media":0,"parent":0,"menu_order":0,"comment_status":"closed","ping_status":"closed","template":"","meta":{"footnotes":""},"class_list":["post-78","page","type-page","status-publish","hentry"],"_links":{"self":[{"href":"https:\/\/fun-limos.de\/index.php\/wp-json\/wp\/v2\/pages\/78","targetHints":{"allow":["GET"]}}],"collection":[{"href":"https:\/\/fun-limos.de\/index.php\/wp-json\/wp\/v2\/pages"}],"about":[{"href":"https:\/\/fun-limos.de\/index.php\/wp-json\/wp\/v2\/types\/page"}],"author":[{"embeddable":true,"href":"https:\/\/fun-limos.de\/index.php\/wp-json\/wp\/v2\/users\/1"}],"replies":[{"embeddable":true,"href":"https:\/\/fun-limos.de\/index.php\/wp-json\/wp\/v2\/comments?post=78"}],"version-history":[{"count":37,"href":"https:\/\/fun-limos.de\/index.php\/wp-json\/wp\/v2\/pages\/78\/revisions"}],"predecessor-version":[{"id":814,"href":"https:\/\/fun-limos.de\/index.php\/wp-json\/wp\/v2\/pages\/78\/revisions\/814"}],"wp:attachment":[{"href":"https:\/\/fun-limos.de\/index.php\/wp-json\/wp\/v2\/media?parent=78"}],"curies":[{"name":"wp","href":"https:\/\/api.w.org\/{rel}","templated":true}]}}